{"id":2042,"date":"2019-09-21T14:50:33","date_gmt":"2019-09-21T12:50:33","guid":{"rendered":"http:\/\/kulturschmiede-ev.de\/?post_type=tribe_events&#038;p=2042"},"modified":"2019-09-21T16:21:36","modified_gmt":"2019-09-21T14:21:36","slug":"literaturcafe-19","status":"publish","type":"tribe_events","link":"https:\/\/kulturschmiede-ev.de\/index.php\/event\/literaturcafe-19\/","title":{"rendered":"Literaturcaf\u00e9"},"content":{"rendered":"<p>Einladung zumLiteraturcaf\u00e9 am 5. November ( wie immer 19:00h-21:00h)<\/p>\n<p>Pierre Lemaitre, Die Farben des Feuers, Klett-Cotta 2019<br \/>\n<img fetchpriority=\"high\" decoding=\"async\" class=\"alignnone size-medium wp-image-2043\" src=\"https:\/\/kulturschmiede-ev.de\/wp-content\/uploads\/2019\/09\/Kulturschmiede_IMG_9443.JPG-252x400.jpg\" alt=\"\" width=\"252\" height=\"400\" srcset=\"https:\/\/kulturschmiede-ev.de\/wp-content\/uploads\/2019\/09\/Kulturschmiede_IMG_9443.JPG-252x400.jpg 252w, https:\/\/kulturschmiede-ev.de\/wp-content\/uploads\/2019\/09\/Kulturschmiede_IMG_9443.JPG.jpg 314w\" sizes=\"(max-width: 252px) 100vw, 252px\" \/><\/p>\n<p>Am Vorabend des Zweiten Weltkriegs regieren Habgier und Neid in den Stra\u00dfen von Paris, und so bahnt sich ein Komplott an, um das m\u00e4chtige Bankimperium P\u00e9ricourt zu Fall zu bringen. Doch Alleinerbin Madeleine wei\u00df, die Verh\u00e4ltnisse in Europa f\u00fcr sich zu nutzen, und dreht den Spie\u00df kurzerhand um.<\/p>\n<p>Als der ber\u00fchmte franz\u00f6sische Bankier Marcel P\u00e9ricourt im Jahr 1927 verstirbt, steht seine Tochter Madeleine, deren Exmann nach einem landesweiten Skandal im Gef\u00e4ngnis sitzt, pl\u00f6tzlich v\u00f6llig allein an der Spitze eines Bankimperiums \u2013 in einer Epoche, in der es Frauen nicht einmal gestattet war, selbst einen Scheck zu unterschreiben. W\u00e4hrend Gustave Joubert, der Prokurist der Bank, Charles Pericourt, Madeleines verschwenderischer Onkel, und Andr\u00e9 Delcourt, ihr Liebhaber mit dichterischen Ambitionen, um die junge Erbin und ihren Sohn schwirren wie Motten um das Licht, zeichnen sich am Horizont bereits die Vorboten des Zweiten Weltkriegs ab. Im Schatten von B\u00f6rsenskandalen und politischen Wirrnissen arbeiten die Neider auf das Verderben der Familie hin. Doch f\u00fcr Madeleine ist das letzte Wort in dieser Angelegenheit noch nicht gesprochen. Um ihres Sohnes willen beginnt sie ihren ganz pers\u00f6nlichen Rachefeldzug zu planen.<\/p>\n","protected":false},"excerpt":{"rendered":"<p>Einladung zumLiteraturcaf\u00e9 am 5. November ( wie immer 19:00h-21:00h) Pierre Lemaitre, Die Farben des Feuers, Klett-Cotta 2019 Am Vorabend des Zweiten Weltkriegs regieren Habgier und Neid in den Stra\u00dfen von [&hellip;]<\/p>\n","protected":false},"author":3,"featured_media":0,"template":"","meta":{"_acf_changed":false,"ocean_post_layout":"","ocean_both_sidebars_style":"","ocean_both_sidebars_content_width":0,"ocean_both_sidebars_sidebars_width":0,"ocean_sidebar":"","ocean_second_sidebar":"","ocean_disable_margins":"enable","ocean_add_body_class":"","ocean_shortcode_before_top_bar":"","ocean_shortcode_after_top_bar":"","ocean_shortcode_before_header":"","ocean_shortcode_after_header":"","ocean_has_shortcode":"","ocean_shortcode_after_title":"","ocean_shortcode_before_footer_widgets":"","ocean_shortcode_after_footer_widgets":"","ocean_shortcode_before_footer_bottom":"","ocean_shortcode_after_footer_bottom":"","ocean_display_top_bar":"default","ocean_display_header":"default","ocean_header_style":"","ocean_center_header_left_menu":"","ocean_custom_header_template":"","ocean_custom_logo":0,"ocean_custom_retina_logo":0,"ocean_custom_logo_max_width":0,"ocean_custom_logo_tablet_max_width":0,"ocean_custom_logo_mobile_max_width":0,"ocean_custom_logo_max_height":0,"ocean_custom_logo_tablet_max_height":0,"ocean_custom_logo_mobile_max_height":0,"ocean_header_custom_menu":"","ocean_menu_typo_font_family":"","ocean_menu_typo_font_subset":"","ocean_menu_typo_font_size":0,"ocean_menu_typo_font_size_tablet":0,"ocean_menu_typo_font_size_mobile":0,"ocean_menu_typo_font_size_unit":"px","ocean_menu_typo_font_weight":"","ocean_menu_typo_font_weight_tablet":"","ocean_menu_typo_font_weight_mobile":"","ocean_menu_typo_transform":"","ocean_menu_typo_transform_tablet":"","ocean_menu_typo_transform_mobile":"","ocean_menu_typo_line_height":0,"ocean_menu_typo_line_height_tablet":0,"ocean_menu_typo_line_height_mobile":0,"ocean_menu_typo_line_height_unit":"","ocean_menu_typo_spacing":0,"ocean_menu_typo_spacing_tablet":0,"ocean_menu_typo_spacing_mobile":0,"ocean_menu_typo_spacing_unit":"","ocean_menu_link_color":"","ocean_menu_link_color_hover":"","ocean_menu_link_color_active":"","ocean_menu_link_background":"","ocean_menu_link_hover_background":"","ocean_menu_link_active_background":"","ocean_menu_social_links_bg":"","ocean_menu_social_hover_links_bg":"","ocean_menu_social_links_color":"","ocean_menu_social_hover_links_color":"","ocean_disable_title":"default","ocean_disable_heading":"default","ocean_post_title":"","ocean_post_subheading":"","ocean_post_title_style":"","ocean_post_title_background_color":"","ocean_post_title_background":0,"ocean_post_title_bg_image_position":"","ocean_post_title_bg_image_attachment":"","ocean_post_title_bg_image_repeat":"","ocean_post_title_bg_image_size":"","ocean_post_title_height":0,"ocean_post_title_bg_overlay":0.5,"ocean_post_title_bg_overlay_color":"","ocean_disable_breadcrumbs":"default","ocean_breadcrumbs_color":"","ocean_breadcrumbs_separator_color":"","ocean_breadcrumbs_links_color":"","ocean_breadcrumbs_links_hover_color":"","ocean_display_footer_widgets":"default","ocean_display_footer_bottom":"default","ocean_custom_footer_template":"","_tribe_events_status":"","_tribe_events_status_reason":"","footnotes":""},"tags":[],"tribe_events_cat":[],"class_list":["post-2042","tribe_events","type-tribe_events","status-publish","hentry","entry"],"acf":[],"_links":{"self":[{"href":"https:\/\/kulturschmiede-ev.de\/index.php\/wp-json\/wp\/v2\/tribe_events\/2042","targetHints":{"allow":["GET"]}}],"collection":[{"href":"https:\/\/kulturschmiede-ev.de\/index.php\/wp-json\/wp\/v2\/tribe_events"}],"about":[{"href":"https:\/\/kulturschmiede-ev.de\/index.php\/wp-json\/wp\/v2\/types\/tribe_events"}],"author":[{"embeddable":true,"href":"https:\/\/kulturschmiede-ev.de\/index.php\/wp-json\/wp\/v2\/users\/3"}],"version-history":[{"count":0,"href":"https:\/\/kulturschmiede-ev.de\/index.php\/wp-json\/wp\/v2\/tribe_events\/2042\/revisions"}],"wp:attachment":[{"href":"https:\/\/kulturschmiede-ev.de\/index.php\/wp-json\/wp\/v2\/media?parent=2042"}],"wp:term":[{"taxonomy":"post_tag","embeddable":true,"href":"https:\/\/kulturschmiede-ev.de\/index.php\/wp-json\/wp\/v2\/tags?post=2042"},{"taxonomy":"tribe_events_cat","embeddable":true,"href":"https:\/\/kulturschmiede-ev.de\/index.php\/wp-json\/wp\/v2\/tribe_events_cat?post=2042"}],"curies":[{"name":"wp","href":"https:\/\/api.w.org\/{rel}","templated":true}]}}

Literaturcafé

<p>Einladung zumLiteraturcafé am 5. November ( wie immer 19:00h-21:00h)</p>
<p>Pierre Lemaitre, Die Farben des Feuers, Klett-Cotta 2019<br />
<img fetchpriority="high" decoding="async" class="alignnone size-medium wp-image-2043" src="https://kulturschmiede-ev.de/wp-content/uploads/2019/09/Kulturschmiede_IMG_9443.JPG-252x400.jpg" alt="" width="252" height="400" srcset="https://kulturschmiede-ev.de/wp-content/uploads/2019/09/Kulturschmiede_IMG_9443.JPG-252x400.jpg 252w, https://kulturschmiede-ev.de/wp-content/uploads/2019/09/Kulturschmiede_IMG_9443.JPG.jpg 314w" sizes="(max-width: 252px) 100vw, 252px" /></p>
<p>Am Vorabend des Zweiten Weltkriegs regieren Habgier und Neid in den Straßen von Paris, und so bahnt sich ein Komplott an, um das mächtige Bankimperium Péricourt zu Fall zu bringen. Doch Alleinerbin Madeleine weiß, die Verhältnisse in Europa für sich zu nutzen, und dreht den Spieß kurzerhand um.</p>
<p>Als der berühmte französische Bankier Marcel Péricourt im Jahr 1927 verstirbt, steht seine Tochter Madeleine, deren Exmann nach einem landesweiten Skandal im Gefängnis sitzt, plötzlich völlig allein an der Spitze eines Bankimperiums – in einer Epoche, in der es Frauen nicht einmal gestattet war, selbst einen Scheck zu unterschreiben. Während Gustave Joubert, der Prokurist der Bank, Charles Pericourt, Madeleines verschwenderischer Onkel, und André Delcourt, ihr Liebhaber mit dichterischen Ambitionen, um die junge Erbin und ihren Sohn schwirren wie Motten um das Licht, zeichnen sich am Horizont bereits die Vorboten des Zweiten Weltkriegs ab. Im Schatten von Börsenskandalen und politischen Wirrnissen arbeiten die Neider auf das Verderben der Familie hin. Doch für Madeleine ist das letzte Wort in dieser Angelegenheit noch nicht gesprochen. Um ihres Sohnes willen beginnt sie ihren ganz persönlichen Rachefeldzug zu planen.</p>

<p>Einladung zumLiteraturcafé am 5. November ( wie immer 19:00h-21:00h) Pierre Lemaitre, Die Farben des Feuers, Klett-Cotta 2019 Am Vorabend des Zweiten Weltkriegs regieren Habgier und Neid in den Straßen von [&hellip;]</p>
