{"id":8321,"date":"2026-01-22T19:31:19","date_gmt":"2026-01-22T18:31:19","guid":{"rendered":"https:\/\/kulturschmiede-ev.de\/?post_type=tribe_events&#038;p=8321"},"modified":"2026-04-30T14:20:19","modified_gmt":"2026-04-30T12:20:19","slug":"good-vibes-musikveranstaltung-mit-dirk-reimer-piano-und-volker-straeter-bass","status":"publish","type":"tribe_events","link":"https:\/\/kulturschmiede-ev.de\/index.php\/event\/good-vibes-musikveranstaltung-mit-dirk-reimer-piano-und-volker-straeter-bass\/","title":{"rendered":"Good Vibes &#8211; mit der Lyrikerin Anne Fitsch, Dirk Reimer (Piano) und Volker Straeter (Bass) \/ Unter dem Thema: Die Welt ist mein, ich f\u00fchl es wieder"},"content":{"rendered":"<p><span style=\"font-size: 20px;\"><strong>Save the Date!!<\/strong><\/span><\/p>\n<p>Einlass ab 18:30 Uhr<\/p>\n<p>Die Welt ist mein, ich f\u00fchl es wieder<\/p>\n<p>Texte und Musik am 22.Mai 2026 um 19:00 in der Kulturschmiede in Cronenberg.<\/p>\n<p>Welcher Monat w\u00e4re besser geeignet als der Mai, um das Leben und die Liebe in jeder Phase unseres Herzens wieder neu zu sp\u00fcren.<\/p>\n<p>Unter dem Thema: Die Welt ist mein, ich f\u00fchl es wieder<\/p>\n<p>f\u00fchrt die Lyrikerin Anne Fitsch durch einen poetischen Abend mit Liebesgedichten aus der Zeit der Romantik. Eingeladen sind aber auch die G\u00e4ste ihr pers\u00f6nliches Lieblingsgedicht mitzubringen und vorzustellen.<\/p>\n<p>Begleitet wird sie von dem Musiker-Duo \u201eGood Vibes.\u201c<\/p>\n<p>Dirk Reimer (Piano) und Volker Str\u00e4ter (Bass) verf\u00fchren mit ihren mal sanften, mal beschwingten Werken ins Reich der Phantasie und erg\u00e4nzen die ausgew\u00e4hlten Texte auf besondere Weise.<\/p>\n<p><img fetchpriority=\"high\" decoding=\"async\" class=\"alignnone size-medium wp-image-8611\" src=\"https:\/\/kulturschmiede-ev.de\/wp-content\/uploads\/2026\/01\/PHOTO-2026-04-16-18-04-08-3-283x400.jpg\" alt=\"\" width=\"283\" height=\"400\" srcset=\"https:\/\/kulturschmiede-ev.de\/wp-content\/uploads\/2026\/01\/PHOTO-2026-04-16-18-04-08-3-283x400.jpg 283w, https:\/\/kulturschmiede-ev.de\/wp-content\/uploads\/2026\/01\/PHOTO-2026-04-16-18-04-08-3.jpg 566w\" sizes=\"(max-width: 283px) 100vw, 283px\" \/><\/p>\n","protected":false},"excerpt":{"rendered":"<p>Save the Date!! Einlass ab 18:30 Uhr Die Welt ist mein, ich f\u00fchl es wieder Texte und Musik am 22.Mai 2026 um 19:00 in der Kulturschmiede in Cronenberg. Welcher Monat [&hellip;]<\/p>\n","protected":false},"author":12,"featured_media":0,"template":"","meta":{"_acf_changed":false,"ocean_post_layout":"","ocean_both_sidebars_style":"","ocean_both_sidebars_content_width":0,"ocean_both_sidebars_sidebars_width":0,"ocean_sidebar":"","ocean_second_sidebar":"","ocean_disable_margins":"enable","ocean_add_body_class":"","ocean_shortcode_before_top_bar":"","ocean_shortcode_after_top_bar":"","ocean_shortcode_before_header":"","ocean_shortcode_after_header":"","ocean_has_shortcode":"","ocean_shortcode_after_title":"","ocean_shortcode_before_footer_widgets":"","ocean_shortcode_after_footer_widgets":"","ocean_shortcode_before_footer_bottom":"","ocean_shortcode_after_footer_bottom":"","ocean_display_top_bar":"default","ocean_display_header":"default","ocean_header_style":"","ocean_center_header_left_menu":"","ocean_custom_header_template":"","ocean_custom_logo":0,"ocean_custom_retina_logo":0,"ocean_custom_logo_max_width":0,"ocean_custom_logo_tablet_max_width":0,"ocean_custom_logo_mobile_max_width":0,"ocean_custom_logo_max_height":0,"ocean_custom_logo_tablet_max_height":0,"ocean_custom_logo_mobile_max_height":0,"ocean_header_custom_menu":"","ocean_menu_typo_font_family":"","ocean_menu_typo_font_subset":"","ocean_menu_typo_font_size":0,"ocean_menu_typo_font_size_tablet":0,"ocean_menu_typo_font_size_mobile":0,"ocean_menu_typo_font_size_unit":"px","ocean_menu_typo_font_weight":"","ocean_menu_typo_font_weight_tablet":"","ocean_menu_typo_font_weight_mobile":"","ocean_menu_typo_transform":"","ocean_menu_typo_transform_tablet":"","ocean_menu_typo_transform_mobile":"","ocean_menu_typo_line_height":0,"ocean_menu_typo_line_height_tablet":0,"ocean_menu_typo_line_height_mobile":0,"ocean_menu_typo_line_height_unit":"","ocean_menu_typo_spacing":0,"ocean_menu_typo_spacing_tablet":0,"ocean_menu_typo_spacing_mobile":0,"ocean_menu_typo_spacing_unit":"","ocean_menu_link_color":"","ocean_menu_link_color_hover":"","ocean_menu_link_color_active":"","ocean_menu_link_background":"","ocean_menu_link_hover_background":"","ocean_menu_link_active_background":"","ocean_menu_social_links_bg":"","ocean_menu_social_hover_links_bg":"","ocean_menu_social_links_color":"","ocean_menu_social_hover_links_color":"","ocean_disable_title":"default","ocean_disable_heading":"default","ocean_post_title":"","ocean_post_subheading":"","ocean_post_title_style":"","ocean_post_title_background_color":"","ocean_post_title_background":0,"ocean_post_title_bg_image_position":"","ocean_post_title_bg_image_attachment":"","ocean_post_title_bg_image_repeat":"","ocean_post_title_bg_image_size":"","ocean_post_title_height":0,"ocean_post_title_bg_overlay":0.5,"ocean_post_title_bg_overlay_color":"","ocean_disable_breadcrumbs":"default","ocean_breadcrumbs_color":"","ocean_breadcrumbs_separator_color":"","ocean_breadcrumbs_links_color":"","ocean_breadcrumbs_links_hover_color":"","ocean_display_footer_widgets":"default","ocean_display_footer_bottom":"default","ocean_custom_footer_template":"","_tribe_events_status":"","_tribe_events_status_reason":"","footnotes":""},"tags":[],"tribe_events_cat":[],"class_list":["post-8321","tribe_events","type-tribe_events","status-publish","hentry","entry"],"acf":[],"_links":{"self":[{"href":"https:\/\/kulturschmiede-ev.de\/index.php\/wp-json\/wp\/v2\/tribe_events\/8321","targetHints":{"allow":["GET"]}}],"collection":[{"href":"https:\/\/kulturschmiede-ev.de\/index.php\/wp-json\/wp\/v2\/tribe_events"}],"about":[{"href":"https:\/\/kulturschmiede-ev.de\/index.php\/wp-json\/wp\/v2\/types\/tribe_events"}],"author":[{"embeddable":true,"href":"https:\/\/kulturschmiede-ev.de\/index.php\/wp-json\/wp\/v2\/users\/12"}],"version-history":[{"count":10,"href":"https:\/\/kulturschmiede-ev.de\/index.php\/wp-json\/wp\/v2\/tribe_events\/8321\/revisions"}],"predecessor-version":[{"id":8612,"href":"https:\/\/kulturschmiede-ev.de\/index.php\/wp-json\/wp\/v2\/tribe_events\/8321\/revisions\/8612"}],"wp:attachment":[{"href":"https:\/\/kulturschmiede-ev.de\/index.php\/wp-json\/wp\/v2\/media?parent=8321"}],"wp:term":[{"taxonomy":"post_tag","embeddable":true,"href":"https:\/\/kulturschmiede-ev.de\/index.php\/wp-json\/wp\/v2\/tags?post=8321"},{"taxonomy":"tribe_events_cat","embeddable":true,"href":"https:\/\/kulturschmiede-ev.de\/index.php\/wp-json\/wp\/v2\/tribe_events_cat?post=8321"}],"curies":[{"name":"wp","href":"https:\/\/api.w.org\/{rel}","templated":true}]}}

Good Vibes &#8211; mit der Lyrikerin Anne Fitsch, Dirk Reimer (Piano) und Volker Straeter (Bass) / Unter dem Thema: Die Welt ist mein, ich fühl es wieder

<p><span style="font-size: 20px;"><strong>Save the Date!!</strong></span></p>
<p>Einlass ab 18:30 Uhr</p>
<p>Die Welt ist mein, ich fühl es wieder</p>
<p>Texte und Musik am 22.Mai 2026 um 19:00 in der Kulturschmiede in Cronenberg.</p>
<p>Welcher Monat wäre besser geeignet als der Mai, um das Leben und die Liebe in jeder Phase unseres Herzens wieder neu zu spüren.</p>
<p>Unter dem Thema: Die Welt ist mein, ich fühl es wieder</p>
<p>führt die Lyrikerin Anne Fitsch durch einen poetischen Abend mit Liebesgedichten aus der Zeit der Romantik. Eingeladen sind aber auch die Gäste ihr persönliches Lieblingsgedicht mitzubringen und vorzustellen.</p>
<p>Begleitet wird sie von dem Musiker-Duo „Good Vibes.“</p>
<p>Dirk Reimer (Piano) und Volker Sträter (Bass) verführen mit ihren mal sanften, mal beschwingten Werken ins Reich der Phantasie und ergänzen die ausgewählten Texte auf besondere Weise.</p>
<p><img fetchpriority="high" decoding="async" class="alignnone size-medium wp-image-8611" src="https://kulturschmiede-ev.de/wp-content/uploads/2026/01/PHOTO-2026-04-16-18-04-08-3-283x400.jpg" alt="" width="283" height="400" srcset="https://kulturschmiede-ev.de/wp-content/uploads/2026/01/PHOTO-2026-04-16-18-04-08-3-283x400.jpg 283w, https://kulturschmiede-ev.de/wp-content/uploads/2026/01/PHOTO-2026-04-16-18-04-08-3.jpg 566w" sizes="(max-width: 283px) 100vw, 283px" /></p>

<p>Save the Date!! Einlass ab 18:30 Uhr Die Welt ist mein, ich fühl es wieder Texte und Musik am 22.Mai 2026 um 19:00 in der Kulturschmiede in Cronenberg. Welcher Monat [&hellip;]</p>
